{"id":282,"date":"2021-06-15T10:49:03","date_gmt":"2021-06-15T10:49:03","guid":{"rendered":"https:\/\/www.eastener-hostel.de\/wp2\/?page_id=282"},"modified":"2022-11-28T11:51:50","modified_gmt":"2022-11-28T11:51:50","slug":"wegbeschreibung","status":"publish","type":"page","link":"https:\/\/www.eastener-hostel.de\/wp2\/wegbeschreibung\/","title":{"rendered":"Location"},"content":{"rendered":"\n\n\n<style>\n\n@media (min-width: 70px) {\n        body .metaslider .caption {\n          display: none !important;\n        }\n\n@media (min-width: 768px) {\n        body .metaslider .caption {\n          display: block !important;\n        }\nbody .metaslider .caption {\npadding: 1.2em 1.2em 1.2em 1.2em !IMPORTANT;\n  word-wrap: break-word;\nfont-size: calc(0.8em + (20 - 16) * ((100vw - 50em) \/ (1600 - 320)))   !IMPORTANT ;\n\n  font-family: verdana !IMPORTANT;\n}\n\nbody .metaslider .caption-wrap {\n  position: absolute;\n  top: 10em !IMPORTANT;\n  left: 0;\n  background: white !IMPORTANT;\n  color: black !IMPORTANT;\n  opacity: 0.7 !IMPORTANT;\n  margin: 0;\n  display: block;\n  width: 100%;\n  line-height: 1.4em !IMPORTANT;\n  width: fit-content !IMPORTANT;\n  bottom:revert;\n}\n<\/style>\n\n\n\n<div class=\"alignnormal\"><div id=\"metaslider-id-527\" style=\"width: 100%;\" class=\"ml-slider-3-27-14 metaslider metaslider-flex metaslider-527 ml-slider .metaslider .caption { padding: 1.2em 1.2em 1.2em 1.2em;   word-wrap: break-word; font-size: calc(0.8em + (20 - 16) * ((100vw - 50em) \/ (1600 - 320)));   position: relative;   bottom: 5em;   padding-top: 4em;   font-family: verdana; }  .metaslider .caption-wrap {   position: absolute;   top: 5em;   left: 0;   background: white;   color: gray;   opacity: 0.7;   margin: 0;   display: block;   width: 100%;   line-height: 1.4em;   width: fit-content; }\">\n    <div id=\"metaslider_container_527\">\n        <div id=\"metaslider_527\">\n            <ul aria-live=\"polite\" class=\"slides\">\n                <li style=\"display: block; width: 100%;\" class=\"slide-609 ms-image\"><img loading=\"lazy\" decoding=\"async\" src=\"https:\/\/www.eastener-hostel.de\/wp2\/wp-content\/uploads\/2021\/06\/sw-Berlin-mit-Fernsehturm-Oberbaumbrucke-und-Spree-700x400.jpg\" height=\"400\" width=\"700\" alt=\"\" class=\"slider-527 slide-609\" title=\"berlin skyline aerial view with river spree and oberbaumbruecke\" \/><\/li>\n                <li style=\"display: none; width: 100%;\" class=\"slide-532 ms-image\"><img loading=\"lazy\" decoding=\"async\" src=\"https:\/\/www.eastener-hostel.de\/wp2\/wp-content\/uploads\/2021\/06\/sw-mauerpark-700x400.jpg\" height=\"400\" width=\"700\" alt=\"\" class=\"slider-527 slide-532\" title=\"sw-mauerpark\" \/><div class=\"caption-wrap\"><div class=\"caption\">Mauerpark - nearby Eastener Hostel<\/div><\/div><\/li>\n                <li style=\"display: none; width: 100%;\" class=\"slide-533 ms-image\"><img loading=\"lazy\" decoding=\"async\" src=\"https:\/\/www.eastener-hostel.de\/wp2\/wp-content\/uploads\/2021\/06\/sw-brandenburgerTor-700x400.jpg\" height=\"400\" width=\"700\" alt=\"\" class=\"slider-527 slide-533\" title=\"sw-brandenburgerTor\" \/><div class=\"caption-wrap\"><div class=\"caption\">Brandenburger Tor - nearby Eastener Hostel<\/div><\/div><\/li>\n                <li style=\"display: none; width: 100%;\" class=\"slide-531 ms-image\"><img loading=\"lazy\" decoding=\"async\" src=\"https:\/\/www.eastener-hostel.de\/wp2\/wp-content\/uploads\/2021\/06\/sw-museumsinsel-700x400.jpg\" height=\"400\" width=\"700\" alt=\"\" class=\"slider-527 slide-531\" title=\"Bode Museum, Berlin, Germany\" \/><div class=\"caption-wrap\"><div class=\"caption\">Bode Museum - nearby Eastener Hostel<\/div><\/div><\/li>\n                <li style=\"display: none; width: 100%;\" class=\"slide-529 ms-image\"><img loading=\"lazy\" decoding=\"async\" src=\"https:\/\/www.eastener-hostel.de\/wp2\/wp-content\/uploads\/2021\/06\/sw-reichstag-700x400.jpg\" height=\"400\" width=\"700\" alt=\"\" class=\"slider-527 slide-529\" title=\"sw-reichstag\" \/><div class=\"caption-wrap\"><div class=\"caption\">Reichstag - nearby Eastener Hostel<\/div><\/div><\/li>\n                <li style=\"display: none; width: 100%;\" class=\"slide-530 ms-image\"><img loading=\"lazy\" decoding=\"async\" src=\"https:\/\/www.eastener-hostel.de\/wp2\/wp-content\/uploads\/2021\/06\/sw-palais-700x400.jpg\" height=\"400\" width=\"700\" alt=\"\" class=\"slider-527 slide-530\" title=\"sw-palais\" \/><div class=\"caption-wrap\"><div class=\"caption\">Unter den Linden - nearby Eastener Hostel<\/div><\/div><\/li>\n                <li style=\"display: none; width: 100%;\" class=\"slide-528 ms-image\"><img loading=\"lazy\" decoding=\"async\" src=\"https:\/\/www.eastener-hostel.de\/wp2\/wp-content\/uploads\/2021\/06\/iStock-139716425-700x400.jpg\" height=\"400\" width=\"700\" alt=\"\" class=\"slider-527 slide-528\" title=\"synagogue\" \/><div class=\"caption-wrap\"><div class=\"caption\">Synagoge - nearby Eastener Hostel<\/div><\/div><\/li>\n            <\/ul>\n        <\/div>\n        \n    <\/div>\n<\/div><\/div>\n\n\n\n<div style=\"height:49px\" aria-hidden=\"true\" class=\"wp-block-spacer\"><\/div>\n\n\n\n<p><\/p>\n\n\n\n<h4 class=\"has-text-align-center wp-block-heading\">Der Weg ist das Ziel<\/h4>\n\n\n\n<hr class=\"wp-block-separator\"\/>\n\n\n\n<div style=\"height:49px\" aria-hidden=\"true\" class=\"wp-block-spacer\"><\/div>\n\n\n\n<p><\/p>\n\n\n\n<p><strong>Egal wo und wie Ihr in Berlin ankommt &#8211; der erste Weg f\u00fchrt Euch mit den \u00f6ffentlichen Verkehrsmitteln, also S-Bahn, U-Bahn, Bus zum Bahnhof Friedrichstra\u00dfe<\/strong>.<\/p>\n\n\n\n<p>vom Hbf: DIREKT ZUM HOSTEL mit dem Taxi (6 Euro, 5 Minuten), per Fuss (20 Minuten), mit dem Bus 142 (4 Haltestops) oder weiter mit jeder S-Bahn bis Friedrichstrasse (1 Haltestop).<br><\/p>\n\n\n\n<p>vom Flughafen BER: S-Bahn zur Friedrichstrasse (40 Minuten)<\/p>\n\n\n\n<p>ZOB (Flixbus): S-Bahn zur Friedrichstrasse (30 minutes)<br>(S42 Ringbahn, Umsteigen in Westkreuz in die S9 \/ S3 \/ S5 )<\/p>\n\n\n\n<p>Alexanderplatz (Flixbus):  S-Bahn zur Friedrichstrasse (2 stops)<\/p>\n\n\n\n<p><br><\/p>\n\n\n\n<p><strong>Jetzt umsteigen in U-Bahn U6 Richtung Alt-Tegel bis Oranienburger Tor (1 Haltestop).<\/strong><\/p>\n\n\n\n<p><strong>Nur noch 200 m und Du bist beim Eastener-Hostel<\/strong>.<\/p>\n\n\n\n<p>Benutze den Ausgang in Fahrtrichtung und laufe 100 m auf der rechten Seite, passiere die ber\u00fchmte Oranienburger Strasse und wechsle anschliessend rechts in die Torstrasse, dann 100 m weiter, anschliessend biege links in die Novalisstrasse, wo sich nach wenigen Metern auf der linken Seite das Eastener-Hostel befindet.<\/p>\n\n\n\n<div style=\"height:49px\" aria-hidden=\"true\" class=\"wp-block-spacer\"><\/div>\n\n\n\n<p><\/p>\n\t\t\t\t\t<div id=\"wp_mapit_n6k48Cje7P\" class=\"wp_mapit_map\" data-lat=\"52.5281637\" data-lng=\"13.3886007\" data-zoom=\"17\" data-type=\"normal\" data-marker=\"https:\/\/www.eastener-hostel.de\/wp2\/wp-content\/uploads\/2021\/08\/pin-small.png\" data-title=\"Eastener Hostel\" data-content=\"\" data-url=\"\" data-width=\"100\" data-width-type=\"per\" data-height=\"300\" data-height-type=\"px\"><\/div>\r\n","protected":false},"excerpt":{"rendered":"<p>Der Weg ist das Ziel Egal wo und wie Ihr in Berlin ankommt &#8211; der erste Weg f\u00fchrt Euch mit den \u00f6ffentlichen Verkehrsmitteln, also S-Bahn, U-Bahn, Bus zum Bahnhof Friedrichstra\u00dfe. vom Hbf: DIREKT ZUM HOSTEL mit dem Taxi (6 Euro, 5 Minuten), per Fuss (20 Minuten), mit dem Bus 142 (4 Haltestops) oder weiter mit&hellip;<\/p>\n","protected":false},"author":1,"featured_media":0,"parent":0,"menu_order":0,"comment_status":"closed","ping_status":"closed","template":"","meta":[],"class_list":["post-282","page","type-page","status-publish","hentry","description-off"],"_links":{"self":[{"href":"https:\/\/www.eastener-hostel.de\/wp2\/wp-json\/wp\/v2\/pages\/282","targetHints":{"allow":["GET"]}}],"collection":[{"href":"https:\/\/www.eastener-hostel.de\/wp2\/wp-json\/wp\/v2\/pages"}],"about":[{"href":"https:\/\/www.eastener-hostel.de\/wp2\/wp-json\/wp\/v2\/types\/page"}],"author":[{"embeddable":true,"href":"https:\/\/www.eastener-hostel.de\/wp2\/wp-json\/wp\/v2\/users\/1"}],"replies":[{"embeddable":true,"href":"https:\/\/www.eastener-hostel.de\/wp2\/wp-json\/wp\/v2\/comments?post=282"}],"version-history":[{"count":23,"href":"https:\/\/www.eastener-hostel.de\/wp2\/wp-json\/wp\/v2\/pages\/282\/revisions"}],"predecessor-version":[{"id":602,"href":"https:\/\/www.eastener-hostel.de\/wp2\/wp-json\/wp\/v2\/pages\/282\/revisions\/602"}],"wp:attachment":[{"href":"https:\/\/www.eastener-hostel.de\/wp2\/wp-json\/wp\/v2\/media?parent=282"}],"curies":[{"name":"wp","href":"https:\/\/api.w.org\/{rel}","templated":true}]}}